{"id":35,"date":"2016-05-17T13:50:46","date_gmt":"2016-05-17T13:50:46","guid":{"rendered":"https:\/\/camping.incipit.pt\/?page_id=35"},"modified":"2024-04-29T17:46:25","modified_gmt":"2024-04-29T17:46:25","slug":"alojamento-2","status":"publish","type":"page","link":"https:\/\/campingoleiros.com\/portal\/pt\/alojamento-2\/","title":{"rendered":"Alojamento Home"},"content":{"rendered":"<div class=\"row\">\n<div class=\"col-md-6\"><img loading=\"lazy\" class=\"img-responsive\" src=\"https:\/\/campingoleiros.com\/portal\/wp-content\/uploads\/2016\/05\/camping-oleiros-16.jpg\" alt=\"F\u00e9rias no pinhal Interior\" width=\"600\" height=\"400\"><\/div>\n<div class=\"col-md-6 call-text\">\n<h3 class=\"titulo-h3\">BUNGALOWS<\/h3>\n<p>Procura a experi\u00eancia \u00fanica de viver em pleno a incr\u00edvel natureza que nos rodeia, mas n\u00e3o quer prescindir do conforto? N\u00f3s temos! Para os amantes de glamping, propomos que viva nas nossas pequenas casas da floresta. Pusemos todo o requinte e aten\u00e7\u00e3o para lhe dar a comodidade de que necessita para descansar e saborear a floresta. Frescas e luminosas no ver\u00e3o, acolhedoras e quentes no inverno, cada cabana \u00e9 \u00fanica e pensada para respirar a atmosfera calma e relaxante que nos rodeia.<\/p>\n<\/div>\n<\/div>\n<div class=\"row\" style=\"margin-top: 30px;\">\n<div class=\"col-md-6 call-text\">\n<h3 class=\"titulo-h3\">CAMPISMO<\/h3>\n<p>Quer viver a experi\u00eancia de uma aventura na floresta em estado puro? N\u00f3s temos! Na nossa \u00e1rea de campismo e caravanismo, temos todos os equipamentos de que precisa para a vida ao ar livre. Cri\u00e1mos um ambiente de luxo para o envolver, com espa\u00e7os de chill out e lazer para as crian\u00e7as, para que n\u00e3o sinta a falta de nada.<br \/>\nAdorme\u00e7a sob o c\u00e9u imenso. N\u00f3s fornecemos a luz das estrelas, os sons tranquilos da \u00e1gua da praia fluvial e da brisa nas \u00e1rvores para o embalar. Acorde revigorado para dias de aventura e aceite as nossas sugest\u00f5es de atividades.<\/p>\n<\/div>\n<div class=\"col-md-6 call-text\"><img loading=\"lazy\" class=\"img-responsive\" src=\"https:\/\/campingoleiros.com\/portal\/wp-content\/uploads\/2016\/05\/camping-oleiros-campismo-84.jpg\" alt=\"Campismo no pinhal Interior\" width=\"600\" height=\"400\"><\/div>\n<div class=\"col-md-6\"><img loading=\"lazy\" class=\"img-responsive\" src=\"https:\/\/campingoleiros.com\/portal\/wp-content\/uploads\/2018\/10\/casa-hobbit-vermelha_6.jpg\" alt=\"F\u00e9rias no pinhal Interior\" width=\"600\" height=\"400\"><\/div>\n<div class=\"col-md-6 call-text\">\n<h3 class=\"titulo-h3\">CASAS HOBBIT<\/h3>\n<p>Pequenas casas de madeira ao jeito das casinhas dos Hobbits para amantes da natureza que n\u00e3o abdicam do conforto. Equipadas com kitchenette e cama de casal. Da varanda exterior pode usufruir de uma vista privilegiada sobre a praia fluvial.<\/p>\n<\/div>\n<\/div>\n<div class=\"row\" style=\"margin-top: 30px;\">\n<div class=\"col-md-6 call-text\">\n<h3 class=\"titulo-h3\">TINY HOUSE<\/h3>\n<p>Tiny House: uma forma \u00fanica de estar em contacto com a natureza<br \/>\nDesfrute de um ref\u00fagio \u00fanico onde o conforto se encontra com a sustentabilidade.<br \/>\nImagine-se num espa\u00e7o acolhedor e acorde com vistas deslumbrantes para a natureza. Respire ar puro, sentindo a tranquilidade do ambiente envolvente.<br \/>\nMais do que um simples alojamento, oferecemos o contacto com a natureza com o conforto do glamping. Perfeitas para casais, fam\u00edlias ou um pequeno grupo de amigos em busca um retiro relaxante e reconfortante.<\/p>\n<\/div>\n<div class=\"col-md-6 call-text\"><img loading=\"lazy\" class=\"img-responsive alignnone wp-image-3030\" src=\"https:\/\/campingoleiros.com\/portal\/wp-content\/uploads\/2024\/04\/z_campingoleiros_tiny-house-28_final.png\" alt=\"\" width=\"600\" height=\"400\" srcset=\"https:\/\/campingoleiros.com\/portal\/wp-content\/uploads\/2024\/04\/z_campingoleiros_tiny-house-28_final.png 1200w, https:\/\/campingoleiros.com\/portal\/wp-content\/uploads\/2024\/04\/z_campingoleiros_tiny-house-28_final-300x200.png 300w, https:\/\/campingoleiros.com\/portal\/wp-content\/uploads\/2024\/04\/z_campingoleiros_tiny-house-28_final-1024x683.png 1024w\" sizes=\"(max-width: 600px) 100vw, 600px\" \/><\/div>\n<\/div>\n","protected":false},"excerpt":{"rendered":"<p>BUNGALOWS Procura a experi\u00eancia \u00fanica de viver em pleno a incr\u00edvel natureza que nos rodeia, mas n\u00e3o quer prescindir do conforto? N\u00f3s temos! Para os amantes de glamping, propomos que viva nas nossas pequenas casas da floresta. Pusemos todo o requinte e aten\u00e7\u00e3o para lhe dar a comodidade de que necessita para descansar e saborear [&hellip;]<\/p>\n","protected":false},"author":1,"featured_media":0,"parent":0,"menu_order":0,"comment_status":"closed","ping_status":"closed","template":"","meta":[],"_links":{"self":[{"href":"https:\/\/campingoleiros.com\/portal\/wp-json\/wp\/v2\/pages\/35"}],"collection":[{"href":"https:\/\/campingoleiros.com\/portal\/wp-json\/wp\/v2\/pages"}],"about":[{"href":"https:\/\/campingoleiros.com\/portal\/wp-json\/wp\/v2\/types\/page"}],"author":[{"embeddable":true,"href":"https:\/\/campingoleiros.com\/portal\/wp-json\/wp\/v2\/users\/1"}],"replies":[{"embeddable":true,"href":"https:\/\/campingoleiros.com\/portal\/wp-json\/wp\/v2\/comments?post=35"}],"version-history":[{"count":25,"href":"https:\/\/campingoleiros.com\/portal\/wp-json\/wp\/v2\/pages\/35\/revisions"}],"predecessor-version":[{"id":3079,"href":"https:\/\/campingoleiros.com\/portal\/wp-json\/wp\/v2\/pages\/35\/revisions\/3079"}],"wp:attachment":[{"href":"https:\/\/campingoleiros.com\/portal\/wp-json\/wp\/v2\/media?parent=35"}],"curies":[{"name":"wp","href":"https:\/\/api.w.org\/{rel}","templated":true}]}}