{"id":299,"date":"2016-06-13T10:00:14","date_gmt":"2016-06-13T10:00:14","guid":{"rendered":"https:\/\/camping.incipit.pt\/?page_id=299"},"modified":"2021-02-20T01:38:47","modified_gmt":"2021-02-20T01:38:47","slug":"region-2","status":"publish","type":"page","link":"https:\/\/campingoleiros.com\/portal\/es\/region-2\/","title":{"rendered":"Regi\u00f3n"},"content":{"rendered":"<div class=\"row\">\n<div class=\"col-md-5\">\n<p style=\"font-size: 2em;\">Estamos justo en el centro geogr\u00e1fico de Portugal, una enorme mancha de pinos que se extiende por un imponente paisaje que alterna entre la grandeza de las crestas de cuarzo de las colinas de Moradal y Alvelos y profundos valles tallados por la insistencia de numerosos cursos de agua que engrosan el rio Z\u00eazere.<br \/>\nDescargue la aplicaci\u00f3n OleirosXplore y qu\u00e9dese al lado de todos los puntos de inter\u00e9s de nuestro ayuntamiento.<\/p>\n<\/div>\n<div class=\"col-md-1 hidden-sm hidden-xs\">\n<div style=\"text-align: center;\"><img loading=\"lazy\" class=\"aligncenter size-full wp-image-142\" src=\"https:\/\/campingoleiros.com\/portal\/wp-content\/uploads\/2016\/05\/sep.png\" alt=\"sep\" width=\"20\" height=\"130\" \/><\/div>\n<\/div>\n<div class=\"col-md-6\">\n<p style=\"font-size: 1.0em;\">Sum\u00e9rgete en el Pinhal Interior, el centro verde del pa\u00eds. Una regi\u00f3n dominada por la naturaleza, donde abunda el pino y el medronero. Donde las crestas escarpadas de granito sobresalen, orgullosas del paisaje y esconden valles de arroyos l\u00edmpidos e intactos. Por aqu\u00ed serpentea la Gran Ruta de los Apalaches y otros recorridos peatonales que acompa\u00f1an los meandros del r\u00edo Z\u00eazere. Por aqu\u00ed adoramos la quietud del birdwatching y la adrenalina del BTT, preservamos la historia grabada en las rocas y la gastronom\u00eda rica de la memoria de nuestros abuelos.<\/p>\n<p style=\"font-size: 1.0em;\"><strong>Dejamos la invitaci\u00f3n. Explore! Tenemos una\u00a0herencia\u00a0que le aguarda.<\/strong><\/p>\n<\/div>\n<\/div>\n<div class=\"row\" style=\"margin-top: 40px;\">\n<div class=\"col-md-3\">\n<div class=\"regiaoMenu\">\n<div class=\"submenuLink\">Rutas<\/div>\n<\/div>\n<\/div>\n<div class=\"col-md-3\">\n<div class=\"regiaoMenu\">\n<div class=\"submenuLink\">Gastronom\u00eda<\/div>\n<\/div>\n<\/div>\n<div class=\"col-md-3\">\n<div class=\"regiaoMenu\">\n<div class=\"submenuLink\">Monumentos<\/div>\n<\/div>\n<\/div>\n<div class=\"col-md-3\">\n<div class=\"regiaoMenu\">\n<div class=\"submenuLink\">GeoPark<\/div>\n<\/div>\n<\/div>\n<\/div>\n<div style=\"clear: both;\"><\/div>\n<div class=\"row\" style=\"margin-left: 0; margin-right: 0; margin-top: 40px;\"><img class=\"aligncenter size-full wp-image-148\" src=\"https:\/\/campingoleiros.com\/portal\/wp-content\/uploads\/2016\/05\/seta-baixo.png\" alt=\"seta-baixo\" width=\"30%\" srcset=\"https:\/\/campingoleiros.com\/portal\/wp-content\/uploads\/2016\/05\/seta-baixo.png 606w, https:\/\/campingoleiros.com\/portal\/wp-content\/uploads\/2016\/05\/seta-baixo-300x67.png 300w\" sizes=\"(max-width: 606px) 100vw, 606px\" \/><\/div>\n<div id=\"percursos\" class=\"row\" style=\"margin-top: 100px;\">\n<div class=\"col-md-6\"><img loading=\"lazy\" class=\"aligncenter wp-image-130 size-full\" src=\"https:\/\/campingoleiros.com\/portal\/wp-content\/uploads\/2016\/05\/blog.png\" alt=\"blog\" width=\"580\" height=\"20\" \/><\/div>\n<div class=\"col-md-6\">\n<div class=\"titleRegiao\">Rutas<\/div>\n<div>Tenemos m\u00e1s de 100 kms de recorridos peatonales a nuestro alrededor, todos perfectamente identificados y se\u00f1alizados, que visitan los mejores rincones del municipio. Explore la Gran Ruta de los Apalaches (GR38), acompa\u00f1e nuestro tramo de la Gran Ruta del Z\u00eazere (GRZ) o pierda se en las peque\u00f1as rutas (PR) del Estreito, en la georuta del\u00a0Orvalhp o en las rutas alrededor de la aldeia de Xisto de \u00c1lvaro .<\/div>\n<\/div>\n<\/div>\n<div id=\"gastronomia\" class=\"row\" style=\"margin-top: 40px;\">\n<div class=\"col-md-6\">\n<div class=\"titleRegiao2\">Gastronom\u00eda<\/div>\n<div>Estamos en un territorio de gran herencia gastron\u00f3mica donde se privilegia la cocina tradicional y se guarda la memoria de los saberes de nuestros abuelos. El exclusivo cabrito estonado se impone como el rey de nuestra cocina, donde se destacan tambi\u00e9n los llenados como el marr\u00f3n y el buche y el conejo de caza panado. Las aguas de los r\u00edos tambi\u00e9n proporcionan las truchas asadas a la parilla y los achigans. Se asocia con las recetas artesanales del pastel de miel, de las papas de ma\u00edz, de las filh\u00f3s y de la tigelada. Atrev\u00e9te en el vino Callum, un vino blanco y ligero exclusivo de Oleiros o, si eres m\u00e1s aventurero, prueba\u00a0la tradicional aguardiente de Medronho.<\/div>\n<\/div>\n<div class=\"col-md-6\"><img class=\"aligncenter size-full wp-image-130\" src=\"https:\/\/campingoleiros.com\/portal\/wp-content\/uploads\/2016\/05\/blog.png\" alt=\"blog\" width=\"100%\" \/><\/div>\n<\/div>\n<div id=\"monumentos\" class=\"row\" style=\"margin-top: 40px;\">\n<div class=\"col-md-6\"><img class=\"aligncenter size-full wp-image-130\" src=\"https:\/\/campingoleiros.com\/portal\/wp-content\/uploads\/2016\/05\/blog.png\" alt=\"blog\" width=\"100%\" \/><\/div>\n<div class=\"col-md-6\">\n<div class=\"titleRegiao\">Monumentos<\/div>\n<div>Incontornable es \u00c1lvaro, la aldea de pizarra que es blanca. \u00c1lvaro se presenta como una muralla blanca que se extiende en un promontorio con una vista deslumbrante sobre los meandros del Z\u00eazere. La geograf\u00eda peculiar del lugar le confiere un car\u00e1cter de fortaleza inexpugnable pero esconde tambi\u00e9n un patrimonio envidiable de 7 capillas y un puente romano as\u00ed como vestigios de la ocupaci\u00f3n templaria. La religiosidad de nuestras gentes se manifiesta a\u00fan en las iglesias matriz y de la Misericordia de Oleiros, inmuebles clasificados, o en el inter\u00e9s arquitect\u00f3nico de la iglesia del Estreito.<\/div>\n<\/div>\n<\/div>\n<div id=\"geopark\" class=\"row\" style=\"margin-top: 40px;\">\n<div class=\"col-md-6\">\n<div class=\"titleRegiao2\">GEOPARK<\/div>\n<div>Oleiros se encuentra dentro del territorio del Geopark Naturtejo, gracias a los impresionantes testimonios geol\u00f3gicos que originan geos\u00edtios de excepcional valor patrimonial. Visite el sitio de Portelo o la cantera de la Penha Alta, con sus icnof\u00f3siles, o las crestas quartz\u00edticas del Zebro y del\u00a0Orvalho que ofrecen miradores de cortar la respiraci\u00f3n. Descubra la Fraga de \u00c1gua de Alta, la mayor ca\u00edda de agua de la Beira Baixa, la Garganta Epig\u00e9nica de la Malhada\u00a0Velha o viaje por los meandros del Z\u00eazere.<\/div>\n<\/div>\n<div class=\"col-md-6\"><img class=\"aligncenter size-full wp-image-130\" src=\"https:\/\/campingoleiros.com\/portal\/wp-content\/uploads\/2016\/05\/blog.png\" alt=\"blog\" width=\"100%\" \/><\/div>\n<\/div>\n<div class=\"row\" style=\"margin-top: 40px; background-color: black; padding: 20px; color: white;\">\n<div class=\"col-md-6\" style=\"font-size: 3.0em;\">\n<div style=\"margin-top: 40px; text-align: right;\"><\/div>\n<\/div>\n<\/div>\n","protected":false},"excerpt":{"rendered":"<p>Estamos justo en el centro geogr\u00e1fico de Portugal, una enorme mancha de pinos que se extiende por un imponente paisaje que alterna entre la grandeza de las crestas de cuarzo de las colinas de Moradal y Alvelos y profundos valles tallados por la insistencia de numerosos cursos de agua que engrosan el rio Z\u00eazere. Descargue [&hellip;]<\/p>\n","protected":false},"author":1,"featured_media":0,"parent":0,"menu_order":0,"comment_status":"closed","ping_status":"closed","template":"template-fullwidth.php","meta":[],"_links":{"self":[{"href":"https:\/\/campingoleiros.com\/portal\/wp-json\/wp\/v2\/pages\/299"}],"collection":[{"href":"https:\/\/campingoleiros.com\/portal\/wp-json\/wp\/v2\/pages"}],"about":[{"href":"https:\/\/campingoleiros.com\/portal\/wp-json\/wp\/v2\/types\/page"}],"author":[{"embeddable":true,"href":"https:\/\/campingoleiros.com\/portal\/wp-json\/wp\/v2\/users\/1"}],"replies":[{"embeddable":true,"href":"https:\/\/campingoleiros.com\/portal\/wp-json\/wp\/v2\/comments?post=299"}],"version-history":[{"count":5,"href":"https:\/\/campingoleiros.com\/portal\/wp-json\/wp\/v2\/pages\/299\/revisions"}],"predecessor-version":[{"id":1436,"href":"https:\/\/campingoleiros.com\/portal\/wp-json\/wp\/v2\/pages\/299\/revisions\/1436"}],"wp:attachment":[{"href":"https:\/\/campingoleiros.com\/portal\/wp-json\/wp\/v2\/media?parent=299"}],"curies":[{"name":"wp","href":"https:\/\/api.w.org\/{rel}","templated":true}]}}

Región

<div class="row">
<div class="col-md-5">
<p style="font-size: 2em;">Estamos justo en el centro geográfico de Portugal, una enorme mancha de pinos que se extiende por un imponente paisaje que alterna entre la grandeza de las crestas de cuarzo de las colinas de Moradal y Alvelos y profundos valles tallados por la insistencia de numerosos cursos de agua que engrosan el rio Zêzere.<br />
Descargue la aplicación OleirosXplore y quédese al lado de todos los puntos de interés de nuestro ayuntamiento.</p>
</div>
<div class="col-md-1 hidden-sm hidden-xs">
<div style="text-align: center;"><img loading="lazy" class="aligncenter size-full wp-image-142" src="https://campingoleiros.com/portal/wp-content/uploads/2016/05/sep.png" alt="sep" width="20" height="130" /></div>
</div>
<div class="col-md-6">
<p style="font-size: 1.0em;">Sumérgete en el Pinhal Interior, el centro verde del país. Una región dominada por la naturaleza, donde abunda el pino y el medronero. Donde las crestas escarpadas de granito sobresalen, orgullosas del paisaje y esconden valles de arroyos límpidos e intactos. Por aquí serpentea la Gran Ruta de los Apalaches y otros recorridos peatonales que acompañan los meandros del río Zêzere. Por aquí adoramos la quietud del birdwatching y la adrenalina del BTT, preservamos la historia grabada en las rocas y la gastronomía rica de la memoria de nuestros abuelos.</p>
<p style="font-size: 1.0em;"><strong>Dejamos la invitación. Explore! Tenemos una herencia que le aguarda.</strong></p>
</div>
</div>
<div class="row" style="margin-top: 40px;">
<div class="col-md-3">
<div class="regiaoMenu">
<div class="submenuLink">Rutas</div>
</div>
</div>
<div class="col-md-3">
<div class="regiaoMenu">
<div class="submenuLink">Gastronomía</div>
</div>
</div>
<div class="col-md-3">
<div class="regiaoMenu">
<div class="submenuLink">Monumentos</div>
</div>
</div>
<div class="col-md-3">
<div class="regiaoMenu">
<div class="submenuLink">GeoPark</div>
</div>
</div>
</div>
<div style="clear: both;"></div>
<div class="row" style="margin-left: 0; margin-right: 0; margin-top: 40px;"><img class="aligncenter size-full wp-image-148" src="https://campingoleiros.com/portal/wp-content/uploads/2016/05/seta-baixo.png" alt="seta-baixo" width="30%" srcset="https://campingoleiros.com/portal/wp-content/uploads/2016/05/seta-baixo.png 606w, https://campingoleiros.com/portal/wp-content/uploads/2016/05/seta-baixo-300x67.png 300w" sizes="(max-width: 606px) 100vw, 606px" /></div>
<div id="percursos" class="row" style="margin-top: 100px;">
<div class="col-md-6"><img loading="lazy" class="aligncenter wp-image-130 size-full" src="https://campingoleiros.com/portal/wp-content/uploads/2016/05/blog.png" alt="blog" width="580" height="20" /></div>
<div class="col-md-6">
<div class="titleRegiao">Rutas</div>
<div>Tenemos más de 100 kms de recorridos peatonales a nuestro alrededor, todos perfectamente identificados y señalizados, que visitan los mejores rincones del municipio. Explore la Gran Ruta de los Apalaches (GR38), acompañe nuestro tramo de la Gran Ruta del Zêzere (GRZ) o pierda se en las pequeñas rutas (PR) del Estreito, en la georuta del Orvalhp o en las rutas alrededor de la aldeia de Xisto de Álvaro .</div>
</div>
</div>
<div id="gastronomia" class="row" style="margin-top: 40px;">
<div class="col-md-6">
<div class="titleRegiao2">Gastronomía</div>
<div>Estamos en un territorio de gran herencia gastronómica donde se privilegia la cocina tradicional y se guarda la memoria de los saberes de nuestros abuelos. El exclusivo cabrito estonado se impone como el rey de nuestra cocina, donde se destacan también los llenados como el marrón y el buche y el conejo de caza panado. Las aguas de los ríos también proporcionan las truchas asadas a la parilla y los achigans. Se asocia con las recetas artesanales del pastel de miel, de las papas de maíz, de las filhós y de la tigelada. Atrevéte en el vino Callum, un vino blanco y ligero exclusivo de Oleiros o, si eres más aventurero, prueba la tradicional aguardiente de Medronho.</div>
</div>
<div class="col-md-6"><img class="aligncenter size-full wp-image-130" src="https://campingoleiros.com/portal/wp-content/uploads/2016/05/blog.png" alt="blog" width="100%" /></div>
</div>
<div id="monumentos" class="row" style="margin-top: 40px;">
<div class="col-md-6"><img class="aligncenter size-full wp-image-130" src="https://campingoleiros.com/portal/wp-content/uploads/2016/05/blog.png" alt="blog" width="100%" /></div>
<div class="col-md-6">
<div class="titleRegiao">Monumentos</div>
<div>Incontornable es Álvaro, la aldea de pizarra que es blanca. Álvaro se presenta como una muralla blanca que se extiende en un promontorio con una vista deslumbrante sobre los meandros del Zêzere. La geografía peculiar del lugar le confiere un carácter de fortaleza inexpugnable pero esconde también un patrimonio envidiable de 7 capillas y un puente romano así como vestigios de la ocupación templaria. La religiosidad de nuestras gentes se manifiesta aún en las iglesias matriz y de la Misericordia de Oleiros, inmuebles clasificados, o en el interés arquitectónico de la iglesia del Estreito.</div>
</div>
</div>
<div id="geopark" class="row" style="margin-top: 40px;">
<div class="col-md-6">
<div class="titleRegiao2">GEOPARK</div>
<div>Oleiros se encuentra dentro del territorio del Geopark Naturtejo, gracias a los impresionantes testimonios geológicos que originan geosítios de excepcional valor patrimonial. Visite el sitio de Portelo o la cantera de la Penha Alta, con sus icnofósiles, o las crestas quartzíticas del Zebro y del Orvalho que ofrecen miradores de cortar la respiración. Descubra la Fraga de Água de Alta, la mayor caída de agua de la Beira Baixa, la Garganta Epigénica de la Malhada Velha o viaje por los meandros del Zêzere.</div>
</div>
<div class="col-md-6"><img class="aligncenter size-full wp-image-130" src="https://campingoleiros.com/portal/wp-content/uploads/2016/05/blog.png" alt="blog" width="100%" /></div>
</div>
<div class="row" style="margin-top: 40px; background-color: black; padding: 20px; color: white;">
<div class="col-md-6" style="font-size: 3.0em;">
<div style="margin-top: 40px; text-align: right;"></div>
</div>
</div>

<p>Estamos justo en el centro geográfico de Portugal, una enorme mancha de pinos que se extiende por un imponente paisaje que alterna entre la grandeza de las crestas de cuarzo de las colinas de Moradal y Alvelos y profundos valles tallados por la insistencia de numerosos cursos de agua que engrosan el rio Zêzere. Descargue [&hellip;]</p>
