{"id":2936,"date":"2023-07-10T16:13:58","date_gmt":"2023-07-10T16:13:58","guid":{"rendered":"https:\/\/campingoleiros.com\/portal\/?page_id=2936"},"modified":"2023-07-10T16:13:59","modified_gmt":"2023-07-10T16:13:59","slug":"politica-de-privacidade","status":"publish","type":"page","link":"https:\/\/campingoleiros.com\/portal\/pt\/politica-de-privacidade\/","title":{"rendered":"Pol\u00edtica de Privacidade"},"content":{"rendered":"\n<p><\/p>\n\n\n\n<p><strong>\u00c2mbito<\/strong><\/p>\n\n\n\n<p>A presente pol\u00edtica de privacidade abrange este website \u2013 <a href=\"http:\/\/www.campingoleiros.com\">www.campingoleiros.com<\/a><\/p>\n\n\n\n<p>Os dados n\u00e3o s\u00e3o processados para quaisquer outros fins que n\u00e3o os aqui especificados.<\/p>\n\n\n\n<p>Os dados recolhidos pela Cen\u00e1rios de Cor, Lda. destinam-se ao processamento das encomendas e comunica\u00e7\u00e3o com os clientes ou pedidos de informa\u00e7\u00e3o.<\/p>\n\n\n\n<p>A recolha dos dados pessoais assegura o cumprimento das disposi\u00e7\u00f5es do Regulamento Geral sobre a Prote\u00e7\u00e3o de Dados (RGPD) da Uni\u00e3o Europeia (UE) n\u00ba 679\/2016 de 27 de Abril (Retifica\u00e7\u00e3o n.\u00ba 00\/2016, de 04\/05).<\/p>\n\n\n\n<p>A Cen\u00e1rios de Cor, Lda. est\u00e1 empenhada em proteger a privacidade dos visitantes do seu website e dos seus clientes, e em cumprir as obriga\u00e7\u00f5es estabelecidas pelo Regulamento Geral da Prote\u00e7\u00e3o de Dados (RGPD). Esta pol\u00edtica de privacidade descreve as informa\u00e7\u00f5es que coletamos, como as usamos e as protegemos. Ao usar o nosso site ou fornecer informa\u00e7\u00f5es pessoais, o visitante concorda com esta pol\u00edtica de privacidade.<\/p>\n\n\n\n<p><strong>Informa\u00e7\u00e3o que coletamos<\/strong><\/p>\n\n\n\n<p>Enquanto visitante do website, n\u00e3o \u00e9 necess\u00e1rio fornecer quaisquer dados pessoais para utiliza\u00e7\u00e3o.<\/p>\n\n\n\n<p>Podemos coletar informa\u00e7\u00f5es pessoais, como nome, endere\u00e7o de e-mail, endere\u00e7o postal e n\u00famero de telefone, quando o visitante toma a iniciativa de nos contactar.<\/p>\n\n\n\n<p>Os dados pessoais dos utilizadores s\u00e3o recolhidos apenas quando \u00e9 realizado um pedido de informa\u00e7\u00f5es de contacto, de modo que seja poss\u00edvel&nbsp;responder ao esclarecimento solicitado.<\/p>\n\n\n\n<p>Presentemente n\u00e3o recolhemos informa\u00e7\u00e3o atrav\u00e9s do Google Analytics como a origem geogr\u00e1fica (cidade, pa\u00eds), tipo de dispositivo, sistema operativo, browser, operadora e acessos. Caso esta situa\u00e7\u00e3o se altere, ser\u00e1 oportunamente comunicada neste local, pelo que se aconselha a visita regular a esta pol\u00edtica.<\/p>\n\n\n\n<p><strong>Como usamos as informa\u00e7\u00f5es<\/strong><\/p>\n\n\n\n<p>As informa\u00e7\u00f5es pessoais que coletamos s\u00e3o usadas apenas para possibilitar o fornecimento dos servi\u00e7os solicitados, como esclarecimentos ou efetuar reservas no nosso site e n\u00e3o ser\u00e3o utilizados para qualquer outro processamento inclusive&nbsp;Marketing Direto.<\/p>\n\n\n\n<p><strong>Como protegemos as informa\u00e7\u00f5es<\/strong><\/p>\n\n\n\n<p>Todos os dados relativos a este website <a href=\"http:\/\/www.campingoleiros.com\">www.campingoleiros.com<\/a> s\u00e3o guardados em servidores localizados na Uni\u00e3o Europeia. Estes servidores s\u00e3o protegidos e mantidos de acordo com standards de seguran\u00e7a, por forma a respeitar as leis de privacidade aplic\u00e1veis.<\/p>\n\n\n\n<p>As informa\u00e7\u00f5es s\u00e3o acess\u00edveis apenas por pessoas autorizadas da Cen\u00e1rios de Cor, Lda. e s\u00f3 s\u00e3o mantidas pelo tempo necess\u00e1rio para fornecer servi\u00e7os solicitados ou para cumprir obriga\u00e7\u00f5es legais.<\/p>\n\n\n\n<p><strong>Compartilhamento de informa\u00e7\u00f5es<\/strong><\/p>\n\n\n\n<p>N\u00e3o compartilhamos informa\u00e7\u00f5es pessoais com terceiros, a menos que seja necess\u00e1rio para fornecer servi\u00e7os solicitados ou cumprir obriga\u00e7\u00f5es legais.<\/p>\n\n\n\n<p><strong>Cookies<\/strong><\/p>\n\n\n\n<p>O nosso site usa cookies para melhorar a experi\u00eancia do usu\u00e1rio e para an\u00e1lise de dados. Os cookies s\u00e3o arquivos de texto armazenados no computador do visitante que cont\u00eam informa\u00e7\u00f5es sobre a navega\u00e7\u00e3o no site. Os visitantes podem escolher n\u00e3o aceitar cookies atrav\u00e9s das configura\u00e7\u00f5es do navegador, mas isso pode limitar a funcionalidade do site.<\/p>\n\n\n\n<p><strong>Direitos dos titulares dos dados<\/strong><\/p>\n\n\n\n<p>Todo o conte\u00fado prestado nos pedidos de informa\u00e7\u00f5es de contato s\u00e3o&nbsp;para as finalidades determinadas garantindo ao titular o acesso, a atualiza\u00e7\u00e3o, a retifica\u00e7\u00e3o e a elimina\u00e7\u00e3o dos seus dados.<\/p>\n\n\n\n<p>Os titulares dos dados t\u00eam o direito de aceder, retificar e excluir suas informa\u00e7\u00f5es pessoais, bem como o direito de limitar o processamento e de se opor ao processamento das suas informa\u00e7\u00f5es pessoais. Para exercer esses direitos, entre em contato connosco atrav\u00e9s do e-mail <a href=\"mailto:geral@campingoleiros.com\">geral@campingoleiros.com<\/a><\/p>\n\n\n\n<p><strong>Links para Paginas Web<\/strong><\/p>\n\n\n\n<p>Existem links para p\u00e1ginas web de entidades terceiras que podem ser de interesse para o utilizador, n\u00e3o sendo este site responsabilizado pela forma \u00e0 qual estas entidades tratam a prote\u00e7\u00e3o da privacidade e dos dados.<\/p>\n\n\n\n<p><strong>Reclama\u00e7\u00f5es<\/strong><\/p>\n\n\n\n<p>Se estiver insatisfeito com a nossa utiliza\u00e7\u00e3o da sua informa\u00e7\u00e3o pessoal, por favor, contacte-nos para <a href=\"mailto:geral@campingoleiros.com\">geral@campingoleiros.com<\/a> ou apresente uma reclama\u00e7\u00e3o no livro de reclama\u00e7\u00f5es dispon\u00edvel on-line no nosso site.<\/p>\n\n\n\n<p>Pode ainda apresentar uma queixa diretamente \u00e0 Comiss\u00e3o Nacional de Prote\u00e7\u00e3o de Dados (CNPD) caso entenda que o tratamento de dados que realizamos n\u00e3o est\u00e1 conforme com a legisla\u00e7\u00e3o aplic\u00e1vel.<\/p>\n\n\n\n<p><strong>Altera\u00e7\u00f5es a esta pol\u00edtica de privacidade<\/strong><\/p>\n\n\n\n<p>Atualiza\u00e7\u00f5es desta pol\u00edtica de privacidade para refletir mudan\u00e7as nos nossos servi\u00e7os e no cumprimento de obriga\u00e7\u00f5es legais ser\u00e3o publicadas no nosso site.<\/p>\n\n\n\n<p>Se tiver alguma d\u00favida ou preocupa\u00e7\u00e3o sobre a nossa pol\u00edtica de privacidade, por favor entre em contato connosco atrav\u00e9s do e-mail [ <a href=\"mailto:geral@campingoleiros.com\">geral@campingoleiros.com<\/a>].<\/p>\n\n\n\n<p><strong>CONDI\u00c7\u00d5ES DE RESERVA:<\/strong><\/p>\n\n\n\n<p>A reserva no nosso site \u00e9 uma pr\u00e9-reserva que s\u00f3 fica validada ap\u00f3s confirma\u00e7\u00e3o do pagamento.<\/p>\n\n\n\n<p>Para confirma\u00e7\u00e3o de reserva \u00e9 solicitado um sinal de 50% do total da estadia.<\/p>\n\n\n\n<p>Cancelamentos de reserva:<\/p>\n\n\n\n<p>&#8211; at\u00e9 5 dias antes da data da reserva, o sinal \u00e9 considerado em cr\u00e9dito para utiliza\u00e7\u00e3o futura, num per\u00edodo de 6 meses;<\/p>\n\n\n\n<p>&#8211; menos de 5 dias antes da data da reserva \u00e9 considerado como \u201cno show\u201d, sem direito \u00e0 devolu\u00e7\u00e3o do sinal.<\/p>\n","protected":false},"excerpt":{"rendered":"<p>\u00c2mbito A presente pol\u00edtica de privacidade abrange este website \u2013 www.campingoleiros.com Os dados n\u00e3o s\u00e3o processados para quaisquer outros fins que n\u00e3o os aqui especificados. Os dados recolhidos pela Cen\u00e1rios de Cor, Lda. destinam-se ao processamento das encomendas e comunica\u00e7\u00e3o com os clientes ou pedidos de informa\u00e7\u00e3o. A recolha dos dados pessoais assegura o cumprimento [&hellip;]<\/p>\n","protected":false},"author":2,"featured_media":0,"parent":0,"menu_order":0,"comment_status":"closed","ping_status":"closed","template":"","meta":[],"_links":{"self":[{"href":"https:\/\/campingoleiros.com\/portal\/wp-json\/wp\/v2\/pages\/2936"}],"collection":[{"href":"https:\/\/campingoleiros.com\/portal\/wp-json\/wp\/v2\/pages"}],"about":[{"href":"https:\/\/campingoleiros.com\/portal\/wp-json\/wp\/v2\/types\/page"}],"author":[{"embeddable":true,"href":"https:\/\/campingoleiros.com\/portal\/wp-json\/wp\/v2\/users\/2"}],"replies":[{"embeddable":true,"href":"https:\/\/campingoleiros.com\/portal\/wp-json\/wp\/v2\/comments?post=2936"}],"version-history":[{"count":1,"href":"https:\/\/campingoleiros.com\/portal\/wp-json\/wp\/v2\/pages\/2936\/revisions"}],"predecessor-version":[{"id":2937,"href":"https:\/\/campingoleiros.com\/portal\/wp-json\/wp\/v2\/pages\/2936\/revisions\/2937"}],"wp:attachment":[{"href":"https:\/\/campingoleiros.com\/portal\/wp-json\/wp\/v2\/media?parent=2936"}],"curies":[{"name":"wp","href":"https:\/\/api.w.org\/{rel}","templated":true}]}}